u.
43
Let y = 418 + -349. Suppose -3*g - u + 65 = -6*u, -u = 5*g - 71. Calculate the remainder when y is divided by g.
9
Let l = 15 - 3. Let z = -60 + 38. Let u = 54 + z. Calculate the remainder when u is divided by l.
8
Let c be (2 - 40/15)/((-8)/(-12)). What is the remainder when 55/40*34 - c/4 is divided by 24?
23
Suppose -20*a + 11*a = -13*a + 1236. Calculate the remainder when a is divided by 112.
85
Calculate the remainder when 1597 is divided by 8/(8/7 + (-365)/350).
77
Let w = 4 - 0. Suppose -26 + 6 = -2*d - 2*t, d - t = w. Let p = 58 + -54. What is the remainder when d is divided by p?
3
Calculate the remainder when 16572 is divided by 8 + -1 + (-171)/(-19).
12
Let b(o) = -5*o - 102. Let h be b(-21). Suppose 4*w = 5*i - 21 + 73, -5*w - h*i = -28. Calculate the remainder when 13 is divided by w.
5
Let v(m) = 88*m + 12. Let c be 156/(-24) + 7 + (-1)/(-2). Calculate the remainder when v(c) is divided by 6.
4
Suppose -5*t + 3 = -i - 0*i, -3*i + 3 = -3*t. Calculate the remainder when 57 is divided by ((-154)/(-14))/((-2)/((-4)/i)).
2
Calculate the remainder when (-2*(-4067)/56)/(3*6/72) is divided by 288.
5
Let b be (7/(-5))/(-7) - (-78)/10. What is the remainder when 501 is divided by (-14 + b)/((-3)/14)?
25
Suppose -2*l = 4*r - 906, -3*r + 538 + 159 = 5*l. Calculate the remainder when r is divided by 163.
61
Suppose 0 = 2*m + 2*m - 140. Suppose -93469 = -2*y + 5*y - 93775. What is the remainder when y is divided by m?
32
Let u = 1383 - 365. Calculate the remainder when u is divided by 68.
66
Suppose -92*p = -157*p + 5785. Calculate the remainder when 882 is divided by p.
81
Suppose -43 = -8*x + 109. Suppose 2*p + 136 = 4*j, -5*j - 23*p + x*p = -157. Calculate the remainder when 116 is divided by j.
17
Let u = 4867 + -4659. Calculate the remainder when u is divided by 54.
46
Let r = -484 + 538. What is the remainder when 57 is divided by 38 + r/(-2 - 7)?
25
Let s = -873 - -895. Let i = 13 - 4. Calculate the remainder when s is divided by i.
4
Let a = -125 + 129. Let z(i) = 8*i**2 + 5*i + 6. Calculate the remainder when z(a) is divided by 31.
30
Suppose 130557 = 338*g - 260509. What is the remainder when g is divided by 29?
26
Let x(o) = o**3 - 37*o**2 + 16*o - 506. Calculate the remainder when 556 is divided by x(37).
40
Let a = 153 - 156. What is the remainder when 46/4 + a*2/12 is divided by 2?
1
Suppose -3*b + 351 = 3*q, 5*b + 5*q = 2*b + 349. What is the remainder when 2593 is divided by b?
115
Suppose 457*a - 12912 = 449*a. What is the remainder when a is divided by 21?
18
Calculate the remainder when 124 is divided by (5/(-15))/(27/(-3726)).
32
Let t(q) = -3*q**2 + 76*q + 22. Calculate the remainder when t(17) is divided by 143.
18
Let a be -1*(-2 + 0) + 3. Suppose a*t + 3*w - 1095 = 236, 3*w + 9 = 0. Suppose 20 = 4*k, -k + 0*k - t = -3*z. Calculate the remainder when z is divided by 23.
22
Let m = 2009 - 1687. What is the remainder when m is divided by 49?
28
Suppose 18*m - 17*m - 61 = 0. Suppose -4*l - a + 1203 = 0, -2*a = 4*l - 7*l + 905. What is the remainder when l is divided by m?
57
Calculate the remainder when 5875 is divided by 851/92 + (-130)/40.
1
Let f(v) = 2*v**2 - 918*v + 4627. Calculate the remainder when 799 is divided by f(5).
16
What is the remainder when 217 is divided by -6 + 3 - -8 - -9?
7
Suppose 158 - 635 = -3*z. Let g = -23721 - -23736. Calculate the remainder when z is divided by g.
9
Suppose -c + 2*c - 6 = 0. Suppose 0 = z - c*z + 65. What is the remainder when z is divided by -3*4/(-12) - -3?
1
Suppose -69*d - 20*d = 139*d - 16188. Calculate the remainder when d is divided by (-3)/5 - 456/(-10).
26
Let w(k) = 167*k + 1. Let b = -70324 - -70370. What is the remainder when w(1) is divided by b?
30
Let c = 54 + -46. Let n(o) = 4*o**2 - 2*o - 17. Let g(q) = -q**2 - q + 1. Let a(m) = 3*g(m) + n(m). What is the remainder when 48 is divided by a(c)?
8
Let a(n) = -5*n**3 - 77*n**2 + 20*n + 50. What is the remainder when a(-16) is divided by 81?
12
Suppose 3*g - 74 = -4*z, -5*g = 5*z - 0*g - 90. Suppose -z*s = -27*s + 224. Let p = 19 + 73. Calculate the remainder when p is divided by s.
28
Let b(h) = 10*h + 25. Suppose 2*s - 8 = -34. Let x(u) = 21*u + 51. Let c(v) = s*b(v) + 6*x(v). What is the remainder when 15 is divided by c(-6)?
0
Let n(t) = -17*t + 102. Let f(k) = 9*k - 51. Let j(v) = 5*f(v) + 3*n(v). Suppose -20 = -l - 6. Calculate the remainder when j(-5) is divided by l.
11
Let x be (-104)/(-6) - (-2)/(-6). Let h = 49 + x. Let o = 33700 - 33665. What is the remainder when h is divided by o?
31
Suppose -10*o = -u - 12*o + 1756, 5*u = -o + 8762. What is the remainder when u is divided by 112?
72
Let n = 132 - 129. Let s be (n*-1)/(-5 - 56/(-16)). Suppose z - s*o - 303 = 0, 2*z + 5*o = 86 + 547. What is the remainder when z is divided by 13?
10
Let h = 44 - 22. Suppose 4*j + 2*w = 14, w + h = 5*j + 2*w. Suppose 3*i = j*s - 0 + 31, -46 = -4*i + 2*s. Calculate the remainder when 33 is divided by i.
9
Suppose -s = 2*z - 238 + 74, 0 = 2*z + 5*s - 172. What is the remainder when 318 is divided by z?
75
Let h(q) = -3*q**2 - 21*q + 11. Suppose 6 = -3*z + 3*x, 5*z + 47 = -x + 7. Let a = 54 + -23. Calculate the remainder when a is divided by h(z).
9
Let t(i) = -i**2 + 15*i - 55. Let r be t(9). Let b(m) = 7*m**2 - 4. What is the remainder when 43 is divided by b(r)?
1
Let l = 171 + -159. Calculate the remainder when 71 is divided by ((-3 + 2)*1)/(l/(-108)).
8
Suppose 91 + 104 = -5*x. Let w = x + 45. Suppose -4*m + 46 = 4*v - 42, 5*v = -2*m + 44. What is the remainder when m is divided by w?
4
Suppose -32 = 4*z - 0. Suppose 0 = -5*o + 6*o - 82. What is the remainder when o - (5 + z - (1 - 3)) is divided by 14?
13
Let k(v) be the third derivative of -5*v**6/12 - v**5/20 - v**4/12 + v**3/6 - v**2 - 96*v. What is the remainder when k(-1) is divided by 33?
17
Let l(v) be the third derivative of -v**6/120 - v**5/3 + 5*v**4/6 - 7*v**3/6 + 2*v**2 - 68. What is the remainder when 334 is divided by l(-21)?
12
Let c(b) = -242*b - 3368. What is the remainder when 232 is divided by c(-14)?
12
Let z(u) be the second derivative of -23*u**3/3 - 11*u**2/2 + 24*u. Let i be z(-3). Let o = i + -84. What is the remainder when o is divided by 22?
21
Suppose -6*u + 11 = -5*u. Suppose 2*p - 3*s = 93, -12*p = -10*p + 5*s - 133. What is the remainder when p is divided by u?
10
Suppose 7195*d - 7167*d = 392. Calculate the remainder when 13761 is divided by d.
13
Suppose -12*d = -14*d - 4*l + 12, 0 = -5*d + l + 30. Calculate the remainder when 47 is divided by d.
5
Let f(p) = 61*p**2 - 2*p + 4. Let z be (-305)/(-20) - 6/(-8). Let t(j) = 2*j - 21. What is the remainder when f(1) is divided by t(z)?
8
Let f = -5934 + 6001. Calculate the remainder when 444 is divided by f.
42
Suppose 14293 - 61907 = -179*m. What is the remainder when m is divided by 70?
56
Let y(j) be the second derivative of 7*j**4/12 - 29*j**3/6 - 3*j**2 - 268*j. Calculate the remainder when 190 is divided by y(5).
22
Let c(v) = -47*v - 19. Let t(k) = 2. Let o(j) = c(j) - 6*t(j). Calculate the remainder when o(-3) is divided by 50.
10
What is the remainder when 304 is divided by 6600/56 - (1 - 16/14)?
68
Suppose 2*y = 2*d - 230, 4*y = -5*d + 270 + 260. Suppose z + 5*v + 0*v - 6 = 0, -5*z = 5*v - d. What is the remainder when 153 is divided by z?
23
Let w(m) = 97*m - 1616. Calculate the remainder when 578 is divided by w(17).
17
Let g(i) = 142*i**2 - 66*i + 65. What is the remainder when g(1) is divided by 69?
3
Suppose -1 = 4*y + 19, -4*y = 5*h. Suppose 5*o = -5*m + 25, o + o + h = 0. Suppose -5*l + 52 - m = 0. Calculate the remainder when l is divided by 6.
3
Let g be -30*(58/(-4) + 1). Let z = g - 367. Calculate the remainder when 70 is divided by z.
32
Suppose -2*n + 1249 - 59 = 0. What is the remainder when 93 is divided by 1*9/(63/n)?
8
Let h(b) = b**2 - 5*b - 24. Suppose 3*i - 4*a - 61 = 0, 0*a + 56 = 2*i + 5*a. What is the remainder when h(13) is divided by i?
11
Calculate the remainder when (37*1 - (10 - 15)) + 5 is divided by (-22)/(-1) + -2 + 5.
22
Suppose 618*m - 621*m = -81. What is the remainder when 772 is divided by m?
16
Suppose -l + 4*x + 3057 = -2653, 28697 = 5*l + x. What is the remainder when l is divided by 22?
18
Let j be (-84)/16*(-4)/6*2. Suppose j*b - 